{"id":520,"date":"2013-02-10T17:49:12","date_gmt":"2013-02-10T17:49:12","guid":{"rendered":"http:\/\/www.psychotherapie-begic.nl\/?page_id=520"},"modified":"2020-02-05T09:52:35","modified_gmt":"2020-02-05T09:52:35","slug":"o-meni","status":"publish","type":"page","link":"https:\/\/www.psychotherapie-begic.nl\/?page_id=520","title":{"rendered":"O MENI"},"content":{"rendered":"<p style=\"text-align: justify;\">U Holandiji sam registrovan psihoterapeut, klini\u010dki psiholog i \u0161ema terapeut. Radim ve\u0107 od 1992 godine na polju mentalnog zdravlja, psihoterapije, oporavka i razvoja sa iskustvom na polju klini\u010dke psihologije i terapije u Austriji, Sjedinjenim Ameri\u010dkim Dr\u017eavama i od 2003 u Holandiji. Nakon 12,5 godina rada za PsyQ, radim od 2016 iskljucivo u privatnoj praksi.<\/p>\n<p style=\"text-align: justify;\">U fantasti\u010dnoj profesiji kojom imam sre\u0107e da se bavim, pratim sa entuzijazmom nove razvoje i fascinirana sam mogu\u0107nostima koje primjenjena psihologija i psihoterapija nudi a koje nisu bile mogu\u0107e prije 20 godina.<br \/>\nJos ve\u0107i predmet fascinacije je osoba (osobe) koju imam pored sebe na terapiji, njena \u017eivotna pri\u010da, snaga, mogu\u0107nost prilagodjavanja, u\u010denja i razvoja.<\/p>\n<p style=\"text-align: justify;\">Profesionalno iskustvo i obrazovanje sam stekla u razli\u010ditim zemljama \u2013 u Bosni i Hercegovini sam ro\u0111ena, studij psihologije sam zavr\u0161ila u Beogradu a u Austriji pratila edukaciju za gestalt terapeuta i radila kao klini\u010dki psiholog. U Sjedinjenim Ameri\u010dkim Dr\u017eavama pratim doktorski studij klini\u010dke psiologije i radim sa \u017ertvama terora i torture. U Holandiji zavr\u0161avam psihoterapijsku edukaciju, specijalizaciju u \u0161ema terapiji, specijalizaciju kao supervisor,\u00a0edukaciju u EMDR i sti\u010dem 12,5-godi\u0161nje iskustvo na polju sistemske terapije (porodi\u010dne i bra\u010dne terapije). Posebno me interesuju mogu\u0107nosti kombinovanja razli\u010ditih terapijskih pravaca i te\u017eiste na dobrom balansu izme\u0111u s jedne strane mogu\u0107nosti, potencijala, sposobnosti a s druge strane poreme\u0107aja, problema i pote\u0161ko\u0107a.<\/p>\n<p style=\"text-align: justify;\">Kao i ve\u0107inu nas zadnjih decenija i godina me je \u017eivot vodio na razli\u010dita mjesta. Osjetila sam dobro \u0161ta zna\u010di biti stranac, ponovno u\u010diti jezik, balansirati izme\u0111u prilago\u0111avanja i sa\u010duvanja kolektivnog identiteta i pitanja \u0161ta je od toga bitno i koliko za moju djecu. Biti migrant je izuzetno izazovan i te\u017eak full-time posao. U mojoj ordinaciji poklanjam punu pa\u017enju fenomenu migracije, ukoliko je ta pa\u017enja potrebna, i to mnogo vi\u0161e u smislu ogromne energije, uspjeha i kreativnosti ljudskog prilago\u0111avanja a ne samo iz perspektiva su\u010deljavanja \u201crazli\u010ditih\u201d kultura i \u201ckonflikata\u201d koji iz toga proizilaze.<\/p>\n","protected":false},"excerpt":{"rendered":"<p>U Holandiji sam registrovan psihoterapeut, klini\u010dki psiholog i \u0161ema terapeut. Radim ve\u0107 od 1992 godine na polju mentalnog zdravlja, psihoterapije, oporavka i razvoja sa iskustvom na polju klini\u010dke psihologije i terapije u Austriji, Sjedinjenim Ameri\u010dkim Dr\u017eavama i od 2003 u &hellip; <a href=\"https:\/\/www.psychotherapie-begic.nl\/?page_id=520\">Lees verder <span class=\"meta-nav\">&rarr;<\/span><\/a><\/p>\n","protected":false},"author":1,"featured_media":0,"parent":0,"menu_order":0,"comment_status":"closed","ping_status":"open","template":"","meta":{"_acf_changed":false,"footnotes":""},"class_list":["post-520","page","type-page","status-publish","hentry"],"acf":[],"aioseo_notices":[],"_links":{"self":[{"href":"https:\/\/www.psychotherapie-begic.nl\/index.php?rest_route=\/wp\/v2\/pages\/520","targetHints":{"allow":["GET"]}}],"collection":[{"href":"https:\/\/www.psychotherapie-begic.nl\/index.php?rest_route=\/wp\/v2\/pages"}],"about":[{"href":"https:\/\/www.psychotherapie-begic.nl\/index.php?rest_route=\/wp\/v2\/types\/page"}],"author":[{"embeddable":true,"href":"https:\/\/www.psychotherapie-begic.nl\/index.php?rest_route=\/wp\/v2\/users\/1"}],"replies":[{"embeddable":true,"href":"https:\/\/www.psychotherapie-begic.nl\/index.php?rest_route=%2Fwp%2Fv2%2Fcomments&post=520"}],"version-history":[{"count":5,"href":"https:\/\/www.psychotherapie-begic.nl\/index.php?rest_route=\/wp\/v2\/pages\/520\/revisions"}],"predecessor-version":[{"id":997,"href":"https:\/\/www.psychotherapie-begic.nl\/index.php?rest_route=\/wp\/v2\/pages\/520\/revisions\/997"}],"wp:attachment":[{"href":"https:\/\/www.psychotherapie-begic.nl\/index.php?rest_route=%2Fwp%2Fv2%2Fmedia&parent=520"}],"curies":[{"name":"wp","href":"https:\/\/api.w.org\/{rel}","templated":true}]}}